True
Is 9543 a prime number?
False
Is 387085 a composite number?
True
Is 64781 composite?
False
Is 1761 a composite number?
True
Is 42321 a prime number?
False
Is 2321 composite?
True
Is 13519 prime?
False
Is 1819 a composite number?
True
Is 364603 composite?
True
Is 176941 prime?
False
Is 544873 composite?
True
Is 2135909 prime?
True
Is 4201 a prime number?
True
Is 10553 prime?
False
Is 13649 composite?
False
Is 328739 prime?
False
Is 12061 a prime number?
False
Is 25691 a composite number?
True
Is 181099 a composite number?
True
Is 24709 a composite number?
False
Is 207381 a prime number?
False
Is 4139 a prime number?
True
Is 297907 composite?
False
Is 4201 prime?
True
Is 48809 a prime number?
True
Is 913 a composite number?
True
Is 4874 a prime number?
False
Is 5729 a composite number?
True
Is 61529 a composite number?
True
Is 793453 a composite number?
False
Is 54971 a composite number?
True
Is 12827 prime?
False
Is 53437 a composite number?
False
Is 908041 composite?
False
Is 158713 composite?
True
Is 3989 a prime number?
True
Is 1418047 composite?
False
Is 41399 a composite number?
False
Is 75283 a prime number?
False
Is 20837 a prime number?
False
Is 2939 a composite number?
False
Is 1543 prime?
True
Is 2819 prime?
True
Is 7717 composite?
False
Is 8567 composite?
True
Is 1733449 a prime number?
True
Is 791 a composite number?
True
Is 5820421 a composite number?
False
Is 3898 prime?
False
Is 5804705 composite?
True
Is 96139 prime?
False
Is 1228082 a prime number?
False
Is 2591 prime?
True
Is 82457 a composite number?
False
Is 12239 prime?
True
Is 111821 a prime number?
True
Is 23143 composite?
False
Is 1764673 a composite number?
True
Is 13891 a composite number?
True
Is 17726 a composite number?
True
Is 8093 composite?
False
Is 9601 composite?
False
Is 797869 a prime number?
True
Is 10399 a prime number?
True
Is 4271 a prime number?
True
Is 2851 composite?
False
Is 69191 a prime number?
True
Is 34921 prime?
False
Is 701147 a composite number?
False
Is 17693 composite?
True
Is 50497 prime?
True
Is 82339 prime?
True
Is 400823 a prime number?
True
Is 532801 prime?
True
Is 1118479 a composite number?
False
Is 12473 a prime number?
True
Is 348107 a composite number?
True
Is 163019 a prime number?
True
Is 231253 a prime number?
False
Is 713021 prime?
True
Is 3017 composite?
True
Is 10717 a prime number?
False
Is 59861 a prime number?
False
Is 8981 a composite number?
True
Is 938345 prime?
False
Is 228529 composite?
True
Is 419 prime?
True
Is 4751 prime?
True
Is 182983 a composite number?
True
Is 8587 a prime number?
False
Is 25391 composite?
False
Is 20533 prime?
True
Is 16667 a composite number?
True
Is 142589 a composite number?
False
Is 272837 prime?
False
Is 3271 prime?
True
Is 4413 composite?
True
Is 6719 a composite number?
False
Is 802517 prime?
False
Is 1693 a prime number?
True
Is 2283157 a prime number?
False
Is 722429 a prime number?
False
Is 38113 a prime number?
True
Is 49297 a composite number?
False
Is 58637 a composite number?
True
Is 6289 prime?
False
Is 57359 a prime number?
False
Is 314645 a prime number?
False
Is 5381 a composite number?
False
Is 356305 a composite number?
True
Is 158951 a composite number?
True
Is 491 a prime number?
True
Is 1343 composite?
True
Is 466117 a composite number?
True
Is 116491 prime?
True
Is 5663 a composite number?
True
Is 470147 a prime number?
False
Is 656209 a composite number?
True
Is 143293 a composite number?
True
Is 469 a composite number?
True
Is 285193 prime?
False
Is 172399 a prime number?
True
Is 587371 prime?
True
Is 92873 composite?
True
Is 14813 a composite number?
False
Is 7451 a composite number?
False
Is 235 a composite number?
True
Is 2069 prime?
True
Is 310169 prime?
True
Is 14369 composite?
False
Is 251333 composite?
True
Is 10445 prime?
False
Is 265871 a composite number?
False
Is 142798 prime?
False
Is 1847 a composite number?
False
Is 1009 composite?
False
Is 420551 a composite number?
False
Is 356897 a prime number?
False
Is 365201 composite?
False
Is 1987 prime?
True
Is 6001 composite?
True
Is 767 prime?
False
Is 6881 a prime number?
False
Is 397897 a composite number?
False
Is 18973 a prime number?
True
Is 50791 a prime number?
False
Is 1259 composite?
False
Is 11291 a composite number?
True
Is 6719 a composite number?
False
Is 11273 a prime number?
True
Is 244085 composite?
True
Is 17687 prime?
False
Is 269389 composite?
False
Is 104821 a composite number?
True
Is 273895 a composite number?
True
Is 4391795 a composite number?
True
Is 39943 prime?
False
Is 53771 prime?
False
Is 118997 composite?
True
Is 383109 prime?
False
Is 130667 prime?
False
Is 640213 prime?
False
Is 219247 a prime number?
False
Is 101599 composite?
False
Is 1098605 a prime number?
False
Is 20413 a composite number?
True
Is 298153 a composite number?
False
Is 3355013 composite?
False
Is 16871 composite?
False
Is 958121 a prime number?
True
Is 1157 composite?
True
Is 1711 composite?
True
Is 27271 prime?
True
Is 7033445 a composite number?
True
Is 6349 a composite number?
True
Is 415931 a composite number?
False
Is 17657 a prime number?
True
Is 41351 a prime number?
True
Is 1361 composite?
False
Is 11465 a prime number?
False
Is 3943 a composite number?
False
Is 25295 composite?
True
Is 2231 prime?
False
Is 19871 prime?
False
Is 136931 composite?
True
Is 29459 a prime number?
False
Is 25981 a prime number?
True
Is 6437 a prime number?
False
Is 96463 composite?
True
Is 11113 prime?
True
Is 369839 a prime number?
False
Is 11785 a prime number?
False
Is 240367 a prime number?
False
Is 1922077 a composite number?
False
Is 4208087 a prime number?
False
Is 4621 a composite number?
False
Is 7837 composite?
True
Is 4177 a prime number?
True
Is 3221 composite?
False
Is 22583 a composite number?
True
Is 45607 prime?
False
Is 61621 a composite number?
True
Is 2333 a composite number?
False
Is 131611 prime?
True
Is 442961 prime?
True
Is 797 a prime number?
True
Is 5361 a prime number?
False
Is 1130929 a composite number?
False
Is 17233 a composite number?
True
Is 763447 prime?
True
Is 1819 composite?
True
Is 37151 prime?
False
Is 20959 composite?
False
Is 3205 a prime number?
False
Is 41941 a prime number?
True
Is 7445 prime?
False
Is 372247 a prime number?
False
Is 199 a prime number?
True
Is 1086089 composite?
False
Is 847933 prime?
True
Is 7886 composite?
True
Is 6521 a composite number?
False
Is 94069 composite?
True
Is 5793 composite?
True
Is 12143 prime?
True
Is 81845 a composite number?
True
Is 6449 prime?
True
Is 7447 a prime number?
False
Is 198937 a prime number?
True
Is 395909 a composite number?
False
Is 226162 a prime number?
False
Is 1435477 a composite number?
False
Is 25439 prime?
True
Is 19298 composite?
True
Is 21967 composite?
True
Is 20927 a prime number?
False
Is 113431 a prime number?
False
Is 88937 a composite number?
False
Is 382963 a composite number?
True
Is 402841 prime?
False
Is 1507 a composite number?
True
Is 1055 composite?
True
Is 328619 a composite number?
False
Is 47249 composite?
True
Is 804107 prime?
True
Is 923609 a prime number?
False
Is 249911 prime?
True
Is 2349187 composite?
True
Is 33283 a prime number?
False
Is 4391 prime?
True
Is 177863 prime?
False
Is 704229 a composite number?
True
Is 57881 composite?
False
Is 3551 prime?
False
Is 45251 composite?
True
Is 699553 a prime number?
False
Is 9851 a prime number?
True
Is 2078 composite?
True
Is 101627 composite?
False
Is 19297 composite?
True
Is 1982041 prime?
False
Is 36451 a prime number?
True
Is 302681 prime?
True
Is 4201 composite?
False
Is 431807 a prime number?
True
Is 32167 a composite number?
True
Is 54767 prime?
True
Is 20209 a prime number?
False
Is 2870587 a composite number?
False
Is 1823215 a prime number?
False
Is 20323 a prime number?
True
Is 19191 a prime number?
False
Is 2740643 a composite number?
False
Is 3821 prime?
True
Is 1124731 a prime number?
False
Is 20386 a prime number?
False
Is 69681 composite?
True
Is 280169 composite?
True
Is 105563 a prime number?
True
Is 62189 prime?
True
Is 347673 a composite number?
True
Is 29923 a composite number?
True
Is 641 a prime number?
True
Is 199151 a prime number?
True
Is 134003 a composite number?
True
Is 8402 composite?
True
Is 4253 prime?
True
Is 4442